number?
False
Is 107516791 prime?
False
Is 32141311 prime?
True
Is 13812809 prime?
True
Is 24161315 prime?
False
Is 1292693 a prime number?
True
Is 18418759 a prime number?
True
Is 1423599 a composite number?
True
Is 40846798 composite?
True
Is 152231 prime?
True
Is 1371493 prime?
True
Is 120515071 prime?
True
Is 104922185 a prime number?
False
Is 188779027 prime?
False
Is 14686517 a prime number?
True
Is 782800001 composite?
False
Is 14092783 a composite number?
False
Is 616922899 a prime number?
True
Is 6274757 a composite number?
False
Is 114540199 a composite number?
False
Is 3330419 prime?
False
Is 58024303 a prime number?
True
Is 5366561 a composite number?
False
Is 114628603 composite?
True
Is 13485587 a composite number?
False
Is 296313085 a prime number?
False
Is 6915407 composite?
False
Is 22071073 a prime number?
False
Is 182270717 composite?
True
Is 51146021 a composite number?
False
Is 1262444515 a prime number?
False
Is 2124671 a prime number?
False
Is 96757819 prime?
False
Is 2720423 a composite number?
True
Is 9807901 a composite number?
True
Is 297677 composite?
True
Is 303047 prime?
False
Is 23555509 prime?
False
Is 420191 a prime number?
True
Is 348895 prime?
False
Is 112107719 prime?
False
Is 11011471 a composite number?
False
Is 264653269 a composite number?
True
Is 126790943 composite?
False
Is 381035833 composite?
False
Is 170555447 composite?
False
Is 15853579 prime?
False
Is 51308891 a prime number?
True
Is 5736649 a prime number?
False
Is 2850929 prime?
True
Is 25256741 composite?
True
Is 14566733 a composite number?
False
Is 847159 a prime number?
False
Is 19153781 composite?
True
Is 75453709 a composite number?
True
Is 13457926 a composite number?
True
Is 2278949 prime?
True
Is 19013231 composite?
True
Is 1929061 prime?
True
Is 46677097 a composite number?
True
Is 261384117 prime?
False
Is 56531149 a composite number?
False
Is 923613 a composite number?
True
Is 68177303 composite?
False
Is 93331487 a prime number?
False
Is 85131061 composite?
False
Is 17949857 a prime number?
False
Is 170506337 a composite number?
True
Is 68782511 a prime number?
False
Is 22309039 a composite number?
True
Is 68376947 a composite number?
False
Is 1560057 a composite number?
True
Is 4349153 composite?
False
Is 1270097 a prime number?
True
Is 40946023 a prime number?
False
Is 53078 prime?
False
Is 240766543 composite?
False
Is 48047237 a composite number?
True
Is 127461317 prime?
True
Is 3470627 a prime number?
True
Is 95419277 a composite number?
False
Is 29335279 a prime number?
False
Is 157054081 a composite number?
False
Is 8013151 a prime number?
True
Is 339399091 composite?
False
Is 25365727 a prime number?
True
Is 12443 a prime number?
False
Is 122144941 a prime number?
True
Is 29611009 a composite number?
False
Is 2640078917 prime?
False
Is 2068811 prime?
True
Is 338088311 a prime number?
False
Is 1262081 a prime number?
True
Is 156406447 composite?
False
Is 12257077 a composite number?
True
Is 4829689 a composite number?
True
Is 265823393 a prime number?
False
Is 38895707 composite?
False
Is 29943343 prime?
False
Is 1226839 a composite number?
True
Is 466717 composite?
False
Is 7140667 a prime number?
False
Is 155920535 prime?
False
Is 48092815 a prime number?
False
Is 31878229 composite?
False
Is 61955953 a composite number?
False
Is 15197623 a prime number?
False
Is 36748963 a prime number?
False
Is 82813213 a composite number?
True
Is 5339497 composite?
False
Is 78021941 composite?
False
Is 1166329 composite?
False
Is 97968949 a composite number?
True
Is 45398027 composite?
False
Is 201629873 prime?
True
Is 105023939 prime?
False
Is 5121071 a prime number?
True
Is 186505169 composite?
False
Is 23663071 a composite number?
True
Is 1296962189 a prime number?
True
Is 357988051 a prime number?
True
Is 3760487 a prime number?
True
Is 15816841 a composite number?
False
Is 1617387 a composite number?
True
Is 114440983 a prime number?
True
Is 989623357 a composite number?
False
Is 204140477 composite?
True
Is 821867 a composite number?
True
Is 298162013 composite?
True
Is 112678915 prime?
False
Is 111097099 prime?
True
Is 95608619 prime?
False
Is 125649011 prime?
True
Is 479069621 composite?
False
Is 531190357 prime?
False
Is 5958839 a composite number?
False
Is 10523173 prime?
True
Is 3071591 composite?
True
Is 143802889 a composite number?
False
Is 2592581 prime?
True
Is 135122711 composite?
False
Is 37790839 a prime number?
True
Is 292306847 composite?
True
Is 1552909 composite?
False
Is 47458603 prime?
True
Is 16195073 prime?
False
Is 74350079 composite?
False
Is 68695619 prime?
True
Is 247800359 a prime number?
False
Is 1578771715 prime?
False
Is 897053 a composite number?
False
Is 98614591 a prime number?
True
Is 5171161 a composite number?
False
Is 28199279 a composite number?
False
Is 133704059 a composite number?
False
Is 64624787 a prime number?
True
Is 28567121 composite?
True
Is 2739479 composite?
False
Is 24037847 a prime number?
False
Is 98482561 prime?
True
Is 26095591 composite?
False
Is 6389557 prime?
False
Is 1744753 a composite number?
False
Is 76743509 a prime number?
False
Is 617530853 prime?
False
Is 9641711 a prime number?
False
Is 45687793 prime?
True
Is 60586489 composite?
False
Is 7028921 composite?
False
Is 567347 a prime number?
False
Is 1848859 composite?
False
Is 607124531 a composite number?
True
Is 1578529 a composite number?
True
Is 813935 prime?
False
Is 70314833 a composite number?
False
Is 972953 a prime number?
False
Is 158731835 a composite number?
True
Is 9996929 a composite number?
False
Is 64535455 a prime number?
False
Is 183985239 a composite number?
True
Is 119750383 a composite number?
False
Is 8415503 a prime number?
True
Is 5169763 composite?
False
Is 16677515 a prime number?
False
Is 22491955 composite?
True
Is 77826943 prime?
True
Is 1300561 a prime number?
False
Is 474233 composite?
True
Is 453485 a prime number?
False
Is 534972173 a prime number?
True
Is 24068567 a composite number?
False
Is 242556709 a composite number?
True
Is 4438367 a prime number?
False
Is 11224049 a composite number?
True
Is 13823417 prime?
True
Is 32981231 composite?
False
Is 40246963 a prime number?
True
Is 222885779 composite?
False
Is 380731 a composite number?
True
Is 23637277 a prime number?
False
Is 153527123 prime?
True
Is 90915593 a composite number?
True
Is 33691439 prime?
True
Is 672251 a prime number?
True
Is 3396769 prime?
False
Is 187184867 prime?
True
Is 32010289 composite?
False
Is 6360031 a composite number?
False
Is 34649 composite?
False
Is 14763083 a composite number?
False
Is 29713319 a prime number?
True
Is 43309445 a composite number?
True
Is 1629179 a prime number?
False
Is 352452097 a prime number?
True
Is 146305109 a prime number?
True
Is 657120437 prime?
True
Is 1369458431 composite?
True
Is 571681 a prime number?
False
Is 37567873 a composite number?
True
Is 17925737 prime?
False
Is 32030753 a composite number?
False
Is 28430673 a prime number?
False
Is 11461729 prime?
True
Is 139715761 a prime number?
True
Is 25380161 a composite number?
False
Is 121754099 composite?
True
Is 214527557 composite?
False
Is 1053673 composite?
True
Is 517673 prime?
False
Is 84514441 prime?
False
Is 1856573 prime?
False
Is 4601921 composite?
False
Is 79913563 composite?
True
Is 92837533 a composite number?
False
Is 7868293 a composite number?
False
Is 1487515 a composite number?
True
Is 3245659 composite?
False
Is 7143049 prime?
True
Is 2137787 composite?
True
Is 2623297 composite?
True
Is 30677 a prime number?
True
Is 361162577 a prime number?
False
Is 81839 a prime number?
True
Is 57472423 a composite number?
True
Is 51626723 a prime number?
True
Is 272207021 composite?
True
Is 39385183 composite?
False
Is 3638343 a prime number?
False
Is 326566457 prime?
False
Is 2056111 prime?
True
Is 16863509 a composite number?
True
Is 588929867 a composite number?
False
Is 28151899 a composite number?
False
Is 1655509 composite?
False
Is 538013243 a prime number?
True
Is 8402531 prime?
True
Is 104081749 composite?
True
Is 24723911 prime?
True
Is 15545221 prime?
True
Is 63880441 a prime number?
False
Is 95731723 a prime number?
False
Is 2188187 a prime number?
False
Is 268357 composite?
True
Is 157642267 pri